w = -47 + 66. Let k be (w/(-19))/(1/(-5)). Suppose 0*l - k*l = -60. Calculate the highest common divisor of l and 8.
4
Suppose x - 1130 = -5*y, 4*y - 4*x = y + 655. Let a = y + -201. What is the highest common divisor of 54 and a?
6
Let i(l) = 5*l**3 + 8*l**2 + 7*l + 2. Let k(r) = r**3 + r**2 + 1. Let u(f) = i(f) - 6*k(f). Let a be u(3). What is the greatest common divisor of a and 256?
8
Let g = -50 + 52. Suppose 0*i - n = i, i = g*n. Suppose i = l + 14 - 58. What is the greatest common factor of l and 4?
4
Let r(w) = 2*w**2 - 3*w - 1. Let p be r(-2). Let v(f) = -242 + 254 + 62*f - 42*f. Let x be v(p). What is the highest common factor of 34 and x?
34
Let b be (-1 + 2)/((-2)/(-8)). Let q(o) = 4 + b*o**2 - 3*o - 14 + 2. Let v be q(-4). What is the greatest common factor of v and 17?
17
Let c be (-1 - 0) + (-289)/(-1). Let v(t) = 8*t**2 - 274*t + 1535. Let w be v(7). What is the highest common factor of c and w?
9
Suppose 2*n + 2*a = 14, 50*n + 5*a = 47*n + 21. Let h be (-3250)/(-91)*n + (1 - -1). Let q = 16 - -12. What is the greatest common factor of q and h?
28
Suppose 4*w - 24*g - 38930 = -21*g, -3*w + 29195 = -g. What is the greatest common divisor of 37 and w?
37
Let i(a) = 4*a**3 + 29*a**2 - 162*a + 403. Let n be i(23). What is the greatest common divisor of 19 and n?
19
Suppose j - 312 = -24*r + 28*r, -600 = -2*j - 4*r. Let t = 39 + -20. Calculate the greatest common factor of t and j.
19
Let k = 15476 + -14711. What is the greatest common divisor of k and 45?
45
Let i(f) be the second derivative of -7*f**3/3 + 175*f**2 + 18*f - 7. Let l be i(-39). What is the highest common divisor of 32 and l?
32
Let j(i) = i. Let z(q) = 2*q - 2. Let w(a) = -7*j(a) + 4*z(a). Let s be w(16). Calculate the greatest common divisor of 2 and s.
2
Suppose 5*f + 2*u = 321 + 111, 3*f - 252 = -3*u. Suppose -20*k + 4 + 36 = 0. Suppose -55 = -k*j - 11. What is the greatest common divisor of j and f?
22
Let p be (5 - 2) + 1 + 1. Suppose p*d + 29 = 3*m, -6*d - 35 = -d - 5*m. Let x be (-18)/d*88/6. What is the highest common divisor of 44 and x?
22
Let p be ((-28)/(-3))/(3/9). Suppose -i - 8 + 21 = -5*v, 90 = 3*i + 2*v. Suppose -i*x + 81 = -703. Calculate the highest common divisor of p and x.
28
Suppose -3*b + 529 = -5*l, 0 = -2*l - 18 + 8. What is the greatest common factor of 105 and b?
21
Let k be (-72)/(-45)*(0 + 1 + 14). Suppose -r + 100 + 21 = 0. Suppose 25 = -8*q + r. What is the greatest common divisor of k and q?
12
Let f(q) = 2*q**2 - q + 74. Let t be f(19). Calculate the highest common divisor of 168 and t.
21
Let a(f) = f**2 + 39*f + 550. Let n be a(-20). Calculate the highest common divisor of n and 85.
85
Suppose -4*i + 100 = 2*g, 4*g + 0*g = -4*i + 212. Let p = 10 + -12. Let v be 32 - (p - -3) - 3. Calculate the highest common divisor of g and v.
28
Let n be -13 + 27*(6 - -1). Calculate the highest common divisor of n and 3608.
88
Let w(a) = -29*a**3 - 188*a**2 + 45*a + 182. Let d be w(-7). Suppose -3*y = 2*m - 40, m + 4*y = -y + 34. What is the greatest common factor of d and m?
14
Let f = 22 - -62. Suppose 3*r - f = -4*r. Calculate the greatest common factor of r and 12.
12
Let x = 3513 + -3473. What is the highest common factor of x and 5080?
40
Let p(i) be the second derivative of 5*i**3/6 + 115*i**2/2 + 2*i - 14. Let l be p(-13). What is the highest common divisor of 2 and l?
2
Suppose i - 14 = -5 + 24. Calculate the greatest common divisor of 4466 and i.
11
Let k(t) = 57*t + 3475. Let y be k(-38). What is the greatest common factor of 68 and y?
17
Suppose -13506 = 9*a + 7194. Let s be (-2)/(-4)*-9*a/345. What is the highest common divisor of 6 and s?
6
Let w(b) = -3621*b - 815. Let f be w(-5). Calculate the greatest common factor of f and 130.
130
Let a be ((-21)/9)/(2/(-6)). Let z(y) = 1 - y**2 + 7 + 9*y - a + 23. Let b be z(11). Calculate the greatest common divisor of b and 5.
1
Let c(u) = u**3 + 39*u**2 + 12*u - 1344. Let n be c(-35). Calculate the highest common factor of 28 and n.
28
Let d(c) = c**3 - 70*c**2 - 197*c - 264. Let x be d(74). What is the highest common factor of 66 and x?
66
Let m = -3264 - -3289. What is the greatest common divisor of 1000 and m?
25
Let g be -7 + 462/63 - 2/(-3). What is the highest common factor of g and 644?
1
Let z(y) = y**2 - 10*y + 2. Let c be z(0). Let g be ((-40)/(-60))/(c/1917). Calculate the highest common factor of g and 71.
71
Let d be (-21)/(-4) + 2/(-8). Suppose -217*z + 202*z + 45 = 0. Suppose 0 = -4*w - 17 + d, 4*g = -z*w + 31. What is the highest common divisor of g and 40?
10
Let p = 880 + -277. Let t = p + -589. What is the greatest common divisor of t and 126?
14
Suppose -7*g - 165*g - 115*g + 2298296 = 0. Calculate the highest common divisor of g and 624.
104
Let y(l) be the second derivative of l**5/20 - l**4/4 - 5*l**3/3 + 3*l**2/2 - 26*l. Let r be y(6). Calculate the greatest common factor of 170 and r.
17
Let b be -9*(-33)/(3 - 2). Let v be -3 + ((-1992)/(-66) - 4/22). What is the greatest common factor of b and v?
27
Let v(z) = -28*z - 38*z + 6*z - 35*z + 17. Let m be v(-1). What is the highest common factor of 140 and m?
28
Let f = 2 - 7. Let n be 3 + f + 2 - -2. Let z be 1 + (20/(-12))/((-1)/9). What is the greatest common factor of n and z?
2
Suppose -3*g + 225 = -3*m, m + 257 = 3*g + 6*m. Let r = 82 - g. Let x be (-4 + r)*-47 - -3. What is the highest common divisor of 50 and x?
50
Let n = -24 + 48. Let k = -434 + 655. Suppose 215*i = k*i - 108. What is the greatest common factor of n and i?
6
Suppose -5*b + 4*u - 1500 + 4641 = 0, 0 = -5*b - u + 3121. What is the highest common factor of b and 25?
25
Let v be ((-35773)/(-249))/(5/60). Calculate the highest common divisor of v and 4.
4
Let g = -144 + 148. Suppose k - 122 = -g*y + 6*y, -5*k + 5*y + 630 = 0. Calculate the greatest common divisor of k and 10.
10
Let c = 22855 + -22233. What is the greatest common divisor of 30 and c?
2
Let i(n) = 3*n**2 + 53*n - 665. Let u be i(21). Calculate the greatest common factor of u and 1127.
161
Suppose -31*o = -28*o - 30. Let y be 1/2*0 - -110. What is the greatest common divisor of o and y?
10
Suppose -79*v + 1320 + 722 + 565 = 0. What is the highest common factor of 2431 and v?
11
Let b be (0 - -2)*((-9023)/(-14) + -8). Calculate the highest common divisor of 57 and b.
19
Suppose 47234 = 40*m + 4234. Calculate the greatest common divisor of m and 1376.
43
Suppose 43*z - 84*z + 2457 = -38*z. Calculate the highest common factor of 63 and z.
63
Let o(r) = -2*r - 9. Let h be o(-8). Let d be 6/(((-7)/(-10))/h). Let g be (-4)/20 - 1281/(-105). What is the greatest common factor of g and d?
12
Let u(y) = 3*y**2 - 15*y - 2. Let n be u(9). Suppose -28943 = -20*j - 9863. Calculate the greatest common factor of n and j.
106
Let a be 2/7 - (-6021)/21. Let h(o) = 5*o - 29. Suppose 4*g - 50 = 2*f, -5*g + 65 = -g + 3*f. Let y be h(g). Calculate the greatest common factor of y and a.
41
Let n be (((-45)/12)/1)/(51/(-680)). Suppose 5*v - 125 - n = 0. Calculate the greatest common divisor of v and 245.
35
Suppose 8*g - 2058 = -f - 6*g, 3*f - g - 6432 = 0. Calculate the greatest common factor of f and 98.
14
Let h(r) = 10*r. Let x be h(0). Suppose -p + 2*i + 52 = 0, x = -2*i + 7*i + 20. Calculate the highest common factor of p and 55.
11
Let i = -23483 + 26694. Calculate the greatest common divisor of 169 and i.
169
Let n be 3 - 1 - (-5 + 6). Let y(x) = 160*x**3 + 3*x**2 + 7*x + 5. Let f be y(-1). Let g = f - -170. What is the greatest common divisor of g and n?
1
Let z be (-2)/5 - 54/(-10). Let r(w) = w**3 - 8*w**2 + 8*w + 3. Suppose -111*t = -110*t - 7. Let a be r(t). What is the highest common divisor of a and z?
5
Let j be 6/(((-8)/1)/(-200)). What is the greatest common divisor of j and 9?
3
Let p = -2980 + 6424. Calculate the greatest common factor of 41 and p.
41
Suppose -170*b = -173*b - 399. Let y = -129 - b. What is the greatest common divisor of 2 and y?
2
Let u(g) = 239*g**2 - 7*g - 13. Let f be u(-2). Suppose 17*v - 6*v - f = 0. Let i be v - (-4 + 7 + -1). What is the greatest common divisor of i and 17?
17
Suppose -3*z + 13*z - 216 = 2*z. Suppose -4*c - 3 + 11 = 0. Suppose 0 = -3*a - c*a + 45. Calculate the greatest common factor of a and z.
9
Let t be 65228/22 - (-10 - 3815/(-385)). Wh